valuate -3 + 41 + (14 + -17 - 21) - (1 + -40).
53
Evaluate (339 + -347 - (-1 - -7)) + 17.
3
-46 - (46 - (-42 + 92))
-42
0 - 14 - (-83 - -35)
34
What is -6 + -8 + 5 + (4 - 5) + -8 + -6?
-24
What is 0 + -26 - (512 - 510 - (-6 + 2 + -2))?
-34
Evaluate 28 + (21 - -1 - 67).
-17
Calculate -8 - -23 - 4 - 26 - -18 - -56.
59
What is the value of 18 - (-15 + -3 - (24 + 9 - 24))?
45
Evaluate 18 - (1123 + -1150 - (-13 + 1)).
33
What is the value of 4 + 15 - (-21 - (-8 - (-8 - -9)))?
31
What is the value of -10 + (6 - 4) - (2 - (-37 - -9))?
-38
Evaluate (-5 - 30) + (5 - -1) + -78 + 92.
-15
Calculate (-15 + 15 - 2) + 25 - 18 - -12.
17
What is -96 - (-48 - (-61 - -99))?
-10
Evaluate (-33 - (-18 + -13 + 43)) + 15.
-30
Evaluate 38 - 39 - 35 - -41.
5
22 + (11 - 89 - -33)
-23
Calculate (-3020 - -3020) + (10 + -4 - -4).
10
21 - 8 - 70 - (-38 + 11)
-30
What is the value of 4 + 20 + (84 - 70 - (160 - 5))?
-117
-10 - ((-72 - 25) + 5 + -8 - 3)
93
Calculate 10 + 1 + 212 + -210 + 35 + 11.
59
Calculate 63 - (0 + 35 + -19 + -7).
54
Evaluate 1 + 4 + (-13 - -32 - 18).
6
What is the value of (-20 - (-5 - -49 - -2)) + 18?
-48
Evaluate 98 + -156 + 62 - (-21 - (0 + 2)).
27
What is the value of (0 + 10 - (-18 + (4 - -73 - 20))) + 7?
-22
What is the value of -7 + -1 + (32 - (43 + 50)) + 23?
-46
Evaluate -7 - 2 - (46 - (63 + 7)).
15
(36 - 81) + 36 + -6
-15
What is the value of (-131 - -2) + 39 + (41 - 81) + (-1 - -9)?
-122
Calculate -17 + (69 - (-11 + (6 - 4))).
61
Evaluate -10 - (11 + 1) - (8 - 59).
29
What is the value of 17 + -1 - (-16 - (-56 + 22 + 5))?
3
What is 24 + 7 + (110 - 132) + -31?
-22
What is the value of (52 - -2) + 1 - (-46 - (174 - 244))?
31
Calculate (-1 - -8) + -62 + 51 - (0 - -13).
-17
Evaluate -7 + 135 - (-21 + 4 + 31 + -3).
117
Calculate 61 - (-4 + 1) - (-4056 - -4089).
31
What is -56 - -91 - -58 - 28?
65
What is (-43 - 0) + (3059 - 3055)?
-39
Calculate (82 - 63 - -14) + 8.
41
What is the value of 5 + (-16 + 7 + 1 - (12 + -23))?
8
Calculate (-1250 + 1233 + 2 + -1 + 1 - -24) + -106.
-97
What is -1 - (20 - (10 + -8)) - (-4 + -8)?
-7
What is the value of 26 + (-12 - 12 - 19) - 13?
-30
Calculate -78 - ((-16 - (-19 - (-16 + 18))) + -7).
-76
What is the value of (-10 - 9) + -5 - (6 + -8)?
-22
Calculate (-19 - -12 - 62) + -3 + -6 + 7 - 1.
-72
Evaluate (-111 + 128 - (23 + -6)) + (-2 - (2 + 2)).
-6
What is the value of (-388 + 404 - (2 - -13)) + -69 + -1 + -3?
-72
What is 114 + (14 - (-36 - (11 + -28)) - 17)?
130
85 + -29 + -30 + -47 - 65
-86
Calculate -1 - -8 - (-46 + -7 + 46 - 6).
20
Evaluate 3 - (-46 + -12 + (21 - -7)).
33
-88 + 128 - (-50 + -42)
132
-6 + 8 + -27 + -4 + 39
10
What is 7 - 4 - (58 + (133 - 110))?
-78
What is the value of 56 - -8 - 45 - -3?
22
Evaluate 93 - (-100 - -208) - (-2 + -1 + 77).
-89
What is (-109 + 244 - 141) + (-44 - (1 - 2))?
-49
What is the value of 25 + -84 + 63 + 22?
26
Calculate -42 + (21 + (-19 - -9) - 42).
-73
Evaluate -153 + (105 - -47) + -128.
-129
Evaluate (-19 - -2) + 27 + -18 - -9 - -18.
19
(-6710 - -6513) + 130 + 2
-65
What is the value of -102 + (112 - 69) - 11?
-70
(-66 - -69 - (1 + -2 + -36)) + (42 - 40)
42
Calculate (512 - 423) + (11 - 13).
87
What is 3 + (-2 - -27) - ((-21 - 3) + 18)?
34
Evaluate -1 + -111 - -32 - ((-1 - 12) + 7 - -13).
-87
Evaluate 9 + 5 + 11 + -6 - 6 - (0 + -4).
17
Calculate -6 + (9 + -6 + -13 - -54).
38
-13 + ((16 - 22 - -98) + 4 - (3 + -4))
84
Calculate -7 + (13 + -4 - 64 - 7) + 26 + -39.
-82
Evaluate (1 + -2 - 14) + (419 - 362).
42
-83 + 88 - (-102 - (9 + -9) - (-7 - -15))
115
What is (11 + 0 + -10 + -17 - -9) + -16?
-23
Calculate (1 - -2) + (56 - 135 - (-14 - -26)).
-88
What is -58 - -40 - (-56 + 23)?
15
(-51 + 16 - -8) + -16 + 25
-18
-119 + 15 + (-43 - -75)
-72
What is the value of -30 + (18 + 7 + -29 - -8)?
-26
Calculate (73 + -30 - (-21 - -53)) + 4 + -2 + 0.
13
(-3 - -20) + -115 + (5 - (-6 + 11))
-98
Calculate -47 + (65 - (-70 - -46)) + -8.
34
What is 51 + -101 + 128 - (12 - (-1 + 1))?
66
What is -5 + 1 + 61 + (-3 - (-3 + 13))?
44
0 + 26 + (480 - (-220 + 664))
62
What is the value of (-14 - (-2 - 2)) + 6380 + -6375?
-5
What is (-28 - ((10 - -5) + 1 + -15)) + 13?
-16
What is 17 - (42 + 31) - (1 + -26)?
-31
What is -12 + (21 + 0 - (252 - 244)) + -33?
-32
What is -3374 + 3348 - (2 + 2 - -8)?
-38
-3 - (-66 - -5) - (338 + -319)
39
What is (10 - -2) + 4 + (12 - 19 - 2)?
7
Calculate -93 - (-139 - -89 - (-3 + -20)).
-66
Calculate 5 + 198 - (147 - 37).
93
-2 + -58 + (347 - 354)
-67
(-1 - (7 - (6 - (0 - 2)))) + (4 - -2)
6
What is the value of ((12 - 0) + -49 + 29 - 3) + -1?
-12
-2 - -6 - (-3 + -3) - (19 - -23 - 8)
-24
Calculate -6 + -31 + (106 - 65) + (-3 - -1) + -94.
-92
What is the value of 40 - ((-2 - 7) + (258 - 260))?
51
(7 - (1 + 4 + -101 + 97)) + (89 - 3)
92
What is -39 + (-4 - 29) + (21 - 5)?
-56
What is the value of -73 + (9 - -9) + 6 + -4?
-53
Calculate 40 + 1 - (23 + 5 + -52).
65
What is the value of (0 + -52 - (-6012 - -5955)) + 0 + 8?
13
129 - 163 - (-12 - 6 - 0)
-16
What is 1 + -1 + (119 - -12) + -71 - 10?
50
What is the value of (4 - 4) + (14 - 1) - (37 - -1)?
-25
(-58 + 7 - -48) + 0 - -151
148
What is 197 + -141 + (-63 - -40)?
33
Evaluate -59 + 42 + 21 + (-29 - -2).
-23
What is the value of -22 + -62 - -175 - 20?
71
-56 + 61 + (-4 - 0) + -13 + 7
-5
-75 - -6 - (-157 - -153)
-65
-4 + (41 - -48 - 63)
22
Calculate -87 + (2 + -1 - 11) + (1896 - 1891).
-92
(7 + -8 - 11) + -6 - (-28 + 30)
-20
Evaluate -3 + -8 - (470 - 511).
30
What is -3 + 31 + (24 - 45) + (-1 - 1) - -88?
93
(2 - 0) + -44 - (21 + -3)
-60
(-4 - 57 - -14 - -89) + 4
46
What is the value of (-15 - -34) + 9 + -56 - (1 - -13)?
-42
Evaluate -7 - ((-10 - (-1 - (-4 + 3))) + 7) - 7.
-11
What is the value of 74 - (45 - (17 + 78) - -14)?
110
14 + 0 + (18 + 42 + -65 - -18)
27
What is the value of (4 - (1 + 1) - 6) + 223 + 61 + -252?
28
Evaluate 4 - (0 + 3) - (-24 - 9).
34
Calculate -25 + (-51 - -38 - -69).
31
Calculate 681 + -655 + (2 - 49).
-21
(13 - 7 - (27 + 2) - -12) + -12
-23
What is -2 + 38 + (93 + -85 - (8 - (1 - 2)))?
35
Evaluate 19 + (6 - 3) + 13 + (2 - -6) + -14.
29
Calculate (106 - 69) + (18 - 20).
35
Evaluate 43 + 0 + (-27 + 11 + -7 - -34).
54
What is the value of -4 + 2 - (-1 - 8 - (-14 + 15 + -12))?
-4
Calculate 37 - 121 - -39 - -2.
-43
-74 - (-8 - -13) - (5 + -3 + 5)
-86
-6 - (-19 + (21 - (13 - 28)))
-23
Evaluate 24 - (-111 - -60 - -102).
-27
83 + 91 + -112 + 9
71
Calculate -14 - ((-14 - 51 - -22) + 15).
14
-4 - (1 - (-1 + (0 + 9 - 0) + -7))
-4
What is the value of -103 + 92 + (-86 - -84)?
-13
(-19 + -8 + -14 + 26 - (2 - 2)) + 8
-7
Calculate (14 + -15 - -5) + 91 + -26.
69
What is the value of -5 + -7 + (4 - 2) + 3 + (-10 - 7)?
-24
What is (3 - (-7 + -3)) + (9 - (11 - (-4 - -12)))?
19
What is -108 + 93 - (-24 + -5)?
14
Calculate (-362 - -361 - (-1 + 0)) + -39.
-39
What is the value of (-5 + 28 + -29 + 4 - (-13 - -1)) + -64?
-54
Evaluate (36 - 28) + 4 + (6 - (9 - -4)).
5
What is 10 + 15 - 22 - (-4 + (-8 + 0 - -3))?
12
What is 26 + -13 + 11 + -15 + -17?
-8
(10 + (-28 - -26) - (14 + -2) - 5) + -44
-53
What is the value of 53 - (44 + (-42 - -11))?
40
20 - 8 - (2 + -16 + (31 - 38 - -38))
-5
What is the value of (-2 - (25 + 6 + -3)) + (-279 - -292)?
-17
What is -142 - (-11 - (110 - 36))?
-57
23 - 17 - (29 - (5 + (-12 - -10) + -7))
-27
Evaluate (85 - 29) + -41 + -23 - -73.
65
What is the value of 38 - ((1 + (16 - 27) - -1) + -12)?
59
What is (-40 - -1) + (-7 - (20 - 13) - 5) + 6?
-52
Calculate 102 + 14 + 39 + -77 + (15 - -1).
94
Evaluate -19 - ((22 - 1) + (43 - 40)).
-43
What is the value of -2597 - -2407 - (-6 + 0 + -43)?
-141
Evaluate -11 + (-2 - 53 - (-81 - -80)).
-65
What is 0 - -53 - (-123 - (101 - 204))?
73
What is the value of (-2 + 15 + 0 - (92 + -115 + 34)) + -9?
-7
Calculate 33 + -7 + (-30 - (0 + -41)).
37
Calculate -13 - ((-10 - 5) + (-4 - -79)) - (-1 + 1).
-73
What is the value of 131 + -141 - (-1 - 33 - (-41 + 49))?
32
(-8 + 5 - -25) + (-3 - 2) + -42
-25
What is 45 - (5 + 8) - ((14 - 18) + 16 - 20)?
40
What is -2 + 1 + 12 - (-19193 - -19198)?
6
Calculate (75 - (198 - 100)) + (1 - 3 - 12).
-37
What is the value of 17 + -3 - (0 + -1 - (-10 + -2 - -10))?
13
Calculate 2 + 11 + (23 - -13) + -32 + 39.
56
Calculate -17 + 11 + 152 + -158.
-12
What is -24 + (-14 - -25) + (9 - 11) + 5?
-10
What is the value of 83 + 80 + (73 - 19